 of 3798.
2, 3, 211
List the prime factors of 767.
13, 59
What are the prime factors of 1210?
2, 5, 11
What are the prime factors of 1308?
2, 3, 109
List the prime factors of 252.
2, 3, 7
List the prime factors of 19955.
5, 13, 307
What are the prime factors of 3465?
3, 5, 7, 11
What are the prime factors of 2330?
2, 5, 233
What are the prime factors of 1740?
2, 3, 5, 29
List the prime factors of 7128.
2, 3, 11
What are the prime factors of 105?
3, 5, 7
List the prime factors of 9123.
3, 3041
What are the prime factors of 9506?
2, 7, 97
What are the prime factors of 739?
739
List the prime factors of 31081.
31081
What are the prime factors of 97454?
2, 7, 6961
List the prime factors of 23552.
2, 23
List the prime factors of 48280.
2, 5, 17, 71
List the prime factors of 83312.
2, 41, 127
What are the prime factors of 2480?
2, 5, 31
List the prime factors of 12953.
12953
List the prime factors of 43641.
3, 13, 373
What are the prime factors of 770?
2, 5, 7, 11
List the prime factors of 42980.
2, 5, 7, 307
List the prime factors of 2745.
3, 5, 61
What are the prime factors of 10708?
2, 2677
What are the prime factors of 91481?
13, 31, 227
What are the prime factors of 964?
2, 241
List the prime factors of 10739.
10739
What are the prime factors of 192?
2, 3
What are the prime factors of 19210?
2, 5, 17, 113
List the prime factors of 150241.
7, 13, 127
What are the prime factors of 58515?
3, 5, 47, 83
What are the prime factors of 7947?
3, 883
List the prime factors of 99282.
2, 3, 16547
List the prime factors of 1388.
2, 347
What are the prime factors of 2790?
2, 3, 5, 31
List the prime factors of 855.
3, 5, 19
List the prime factors of 1205.
5, 241
What are the prime factors of 1240?
2, 5, 31
List the prime factors of 4942.
2, 7, 353
What are the prime factors of 8213?
43, 191
What are the prime factors of 96322?
2, 17, 2833
What are the prime factors of 3334?
2, 1667
What are the prime factors of 46044?
2, 3, 1279
What are the prime factors of 1345?
5, 269
What are the prime factors of 9767?
9767
List the prime factors of 21651.
3, 7, 1031
List the prime factors of 6497.
73, 89
List the prime factors of 4956.
2, 3, 7, 59
What are the prime factors of 25117?
25117
What are the prime factors of 19726?
2, 7, 1409
What are the prime factors of 48722?
2, 17, 1433
List the prime factors of 287.
7, 41
What are the prime factors of 58665?
3, 5, 3911
List the prime factors of 6457.
11, 587
What are the prime factors of 16234?
2, 8117
What are the prime factors of 1618?
2, 809
What are the prime factors of 16409?
61, 269
What are the prime factors of 41363?
7, 19, 311
What are the prime factors of 98?
2, 7
List the prime factors of 89927.
19, 4733
What are the prime factors of 1373?
1373
What are the prime factors of 18228?
2, 3, 7, 31
What are the prime factors of 18742?
2, 9371
What are the prime factors of 1596?
2, 3, 7, 19
What are the prime factors of 23369?
23369
List the prime factors of 49586.
2, 24793
What are the prime factors of 577?
577
What are the prime factors of 5581?
5581
What are the prime factors of 957?
3, 11, 29
List the prime factors of 19156.
2, 4789
What are the prime factors of 2942?
2, 1471
What are the prime factors of 94147?
31, 3037
List the prime factors of 57155.
5, 7, 23, 71
List the prime factors of 20374.
2, 61, 167
What are the prime factors of 2119?
13, 163
List the prime factors of 4424.
2, 7, 79
What are the prime factors of 110?
2, 5, 11
What are the prime factors of 523?
523
List the prime factors of 75297.
3, 19, 1321
What are the prime factors of 2736?
2, 3, 19
List the prime factors of 48403.
97, 499
What are the prime factors of 787?
787
List the prime factors of 39237.
3, 11, 29, 41
What are the prime factors of 1189?
29, 41
What are the prime factors of 538?
2, 269
What are the prime factors of 9422?
2, 7, 673
List the prime factors of 1025.
5, 41
What are the prime factors of 13774?
2, 71, 97
What are the prime factors of 85489?
53, 1613
List the prime factors of 12847.
29, 443
What are the prime factors of 53985?
3, 5, 59, 61
What are the prime factors of 414?
2, 3, 23
List the prime factors of 43880.
2, 5, 1097
What are the prime factors of 169586?
2, 84793
List the prime factors of 14080.
2, 5, 11
List the prime factors of 16273.
16273
List the prime factors of 10952.
2, 37
What are the prime factors of 1532?
2, 383
What are the prime factors of 11081?
7, 1583
List the prime factors of 3660.
2, 3, 5, 61
What are the prime factors of 6189?
3, 2063
List the prime factors of 1018.
2, 509
What are the prime factors of 426?
2, 3, 71
List the prime factors of 12443.
23, 541
What are the prime factors of 201?
3, 67
List the prime factors of 2368.
2, 37
What are the prime factors of 93462?
2, 3, 37, 421
List the prime factors of 100108.
2, 29, 863
What are the prime factors of 3286?
2, 31, 53
What are the prime factors of 9010?
2, 5, 17, 53
List the prime factors of 2854.
2, 1427
List the prime factors of 18227.
11, 1657
List the prime factors of 4122.
2, 3, 229
List the prime factors of 11908.
2, 13, 229
What are the prime factors of 12597?
3, 13, 17, 19
What are the prime factors of 1062?
2, 3, 59
List the prime factors of 2731.
2731
List the prime factors of 13133.
23, 571
List the prime factors of 147.
3, 7
List the prime factors of 768.
2, 3
List the prime factors of 38794.
2, 7, 17, 163
List the prime factors of 6479.
11, 19, 31
What are the prime factors of 18293?
11, 1663
List the prime factors of 200.
2, 5
List the prime factors of 1096.
2, 137
What are the prime factors of 1796?
2, 449
What are the prime factors of 2123?
11, 193
List the prime factors of 1851.
3, 617
What are the prime factors of 32062?
2, 17, 23, 41
What are the prime factors of 10446?
2, 3, 1741
What are the prime factors of 445?
5, 89
What are the prime factors of 38234?
2, 7, 2731
What are the prime factors of 115?
5, 23
List the prime factors of 147963.
3, 31, 37, 43
List the prime factors of 155980.
2, 5, 11, 709
List the prime factors of 119460.
2, 3, 5, 11, 181
List the prime factors of 18658.
2, 19, 491
List the prime factors of 38692.
2, 17, 569
What are the prime factors of 1557?
3, 173
What are the prime factors of 6588?
2, 3, 61
What are the prime factors of 7716?
2, 3, 643
What are the prime factors of 11547?
3, 1283
What are the prime factors of 32474?
2, 13, 1249
What are the prime factors of 30019?
11, 2729
List the prime factors of 13200.
2, 3, 5, 11
What are the prime factors of 718?
2, 359
List the prime factors of 56658.
2, 3, 7, 19, 71
What are the prime factors of 11423?
11423
What are the prime factors of 44386?
2, 22193
What are the prime factors of 2983?
19, 157
What are the prime factors of 28557?
3, 19, 167
What are the prime factors of 29871?
3, 3319
What are the prime factors of 1231?
1231
List the prime factors of 15385.
5, 17, 181
List the prime factors of 357.
3, 7, 17
List the prime factors of 17125.
5, 137
What are the prime factors of 20979?
3, 7, 37
List the prime factors of 19988.
2, 19, 263
What are the prime factors of 5069?
37, 137
What are the prime factors of 71?
71
List the prime factors of 12135.
3, 5, 809
What are the prime factors of 128582?
2, 239, 269
What are the prime factors of 11775?
3, 5, 157
List the prime factors of 2344.
2, 293
What are the prime factors of 22103?
23, 31
What are the prime factors of 16370?
2, 5, 1637
List the prime factors of 72303.
3, 7, 11, 313
List the prime factors of 1378.
2, 13, 53
List the prime factors of 17669.
17669
List the prime factors of 7169.
67, 107
What are the prime factors of 834?
2, 3, 139
List the prime factors of 2535.
3, 5, 13
What are the prime factors of 15927?
3, 5309
What are the prime factors of 3968?
2, 31
What are the prime factors of 1851?
3, 617
List the prime factors of 5553.
3, 617
What are the prime factors of 105793?
67, 1579
What are the prime factors of 38949?
3, 12983
What are the prime factors of 7992?
2, 3, 37
List the prime factors of 2092.
2, 523
List the prime factors of 1007.
19, 53
List the prime factors of 68.
2, 17
List the prime factors of 149948.
2, 19, 1973
List the prime factors of 2341.
2341
What are the prime factors of 2120?
2, 5, 53
List the prime factors of 10394.
2, 5197
What are the prime factors of 